{"id":22961,"date":"2014-11-06T21:02:32","date_gmt":"2014-11-06T21:02:32","guid":{"rendered":"http:\/\/www.deambulations-nomades.eu\/?page_id=22961"},"modified":"2021-02-21T16:44:40","modified_gmt":"2021-02-21T16:44:40","slug":"12-2","status":"publish","type":"page","link":"https:\/\/www.deambulations-nomades.eu\/?page_id=22961","title":{"rendered":"Metupalayam"},"content":{"rendered":"<p style=\"padding-left: 5px; text-align: right;\"><strong><a href=\"http:\/\/www.deambulations-nomades.eu\/?page_id=22960\"><img loading=\"lazy\" decoding=\"async\" class=\" size-full wp-image-29433 alignleft\" src=\"http:\/\/www.deambulations-nomades.eu\/wp-content\/uploads\/2015\/02\/precedent-flech1.jpg\" alt=\"precedent-flech\" width=\"25\" height=\"21\" \/><\/a><\/strong><a id=\"H\"><\/a> <span style=\"color: #c3a954; font-size: 12px;\"><a style=\"color: #c3a954;\" href=\"http:\/\/www.deambulations-nomades.eu\/?page_id=28251\" target=\"_blank\" rel=\"noopener noreferrer\">VOIR page priv\u00e9e<\/a><\/span><span style=\"font-size: 10px;\"><strong><a href=\"http:\/\/www.deambulations-nomades.eu\/?page_id=22962\"><img loading=\"lazy\" decoding=\"async\" class=\" size-full wp-image-29434 alignright\" src=\"http:\/\/www.deambulations-nomades.eu\/wp-content\/uploads\/2015\/02\/suivant-flech1.jpg\" alt=\"suivant-flech\" width=\"25\" height=\"21\" \/><\/a><\/strong><\/span><\/p>\n<table style=\"width: 100%px;\" border=\"0\" cellspacing=\"0\">\n<tbody>\n<tr>\n<td style=\"width: 523.883px;\"><a href=\"https:\/\/www.deambulations-nomades.eu\/wp-content\/uploads\/2014\/11\/inde-sud-03-aout-metupalayam-enr-web-800-P1050400.jpg\" data-rel=\"lightbox-image-0\" data-rl_title=\"\" data-rl_caption=\"\" title=\"\"><img loading=\"lazy\" decoding=\"async\" class=\"aligncenter wp-image-24569\" src=\"https:\/\/www.deambulations-nomades.eu\/wp-content\/uploads\/2014\/11\/inde-sud-03-aout-metupalayam-enr-web-800-P1050400-150x150.jpg\" alt=\"\" width=\"350\" height=\"263\" srcset=\"https:\/\/www.deambulations-nomades.eu\/wp-content\/uploads\/2014\/11\/inde-sud-03-aout-metupalayam-enr-web-800-P1050400-400x300.jpg 400w, https:\/\/www.deambulations-nomades.eu\/wp-content\/uploads\/2014\/11\/inde-sud-03-aout-metupalayam-enr-web-800-P1050400.jpg 800w\" sizes=\"auto, (max-width: 350px) 100vw, 350px\" \/><\/a><\/p>\n<p>&nbsp;<\/p>\n<p><a href=\"https:\/\/www.deambulations-nomades.eu\/wp-content\/uploads\/2014\/11\/inde-sud-03-aout-metupalayam-enr-web-800-P1050354.jpg\" data-rel=\"lightbox-image-1\" data-rl_title=\"\" data-rl_caption=\"\" title=\"\"><img loading=\"lazy\" decoding=\"async\" class=\"aligncenter wp-image-24566\" src=\"https:\/\/www.deambulations-nomades.eu\/wp-content\/uploads\/2014\/11\/inde-sud-03-aout-metupalayam-enr-web-800-P1050354-150x150.jpg\" alt=\"\" width=\"350\" height=\"219\" srcset=\"https:\/\/www.deambulations-nomades.eu\/wp-content\/uploads\/2014\/11\/inde-sud-03-aout-metupalayam-enr-web-800-P1050354-400x250.jpg 400w, https:\/\/www.deambulations-nomades.eu\/wp-content\/uploads\/2014\/11\/inde-sud-03-aout-metupalayam-enr-web-800-P1050354.jpg 800w\" sizes=\"auto, (max-width: 350px) 100vw, 350px\" \/><\/a><\/p>\n<p>&nbsp;<\/p>\n<p><a href=\"https:\/\/www.deambulations-nomades.eu\/wp-content\/uploads\/2014\/11\/inde-sud-03-aout-metupalayam-enr-web-800-P1050362.jpg\" data-rel=\"lightbox-image-2\" data-rl_title=\"\" data-rl_caption=\"\" title=\"\"><img loading=\"lazy\" decoding=\"async\" class=\"aligncenter wp-image-24567\" src=\"https:\/\/www.deambulations-nomades.eu\/wp-content\/uploads\/2014\/11\/inde-sud-03-aout-metupalayam-enr-web-800-P1050362-150x150.jpg\" alt=\"\" width=\"350\" height=\"263\" srcset=\"https:\/\/www.deambulations-nomades.eu\/wp-content\/uploads\/2014\/11\/inde-sud-03-aout-metupalayam-enr-web-800-P1050362-400x300.jpg 400w, https:\/\/www.deambulations-nomades.eu\/wp-content\/uploads\/2014\/11\/inde-sud-03-aout-metupalayam-enr-web-800-P1050362.jpg 800w\" sizes=\"auto, (max-width: 350px) 100vw, 350px\" \/><\/a><\/p>\n<p>&nbsp;<\/p>\n<p><a href=\"https:\/\/www.deambulations-nomades.eu\/wp-content\/uploads\/2014\/11\/inde-sud-03-aout-metupalayam-enr-web-800-P1050367.jpg\" data-rel=\"lightbox-image-3\" data-rl_title=\"\" data-rl_caption=\"\" title=\"\"><img loading=\"lazy\" decoding=\"async\" class=\"aligncenter wp-image-24568\" src=\"https:\/\/www.deambulations-nomades.eu\/wp-content\/uploads\/2014\/11\/inde-sud-03-aout-metupalayam-enr-web-800-P1050367-150x150.jpg\" alt=\"\" width=\"350\" height=\"263\" srcset=\"https:\/\/www.deambulations-nomades.eu\/wp-content\/uploads\/2014\/11\/inde-sud-03-aout-metupalayam-enr-web-800-P1050367-400x300.jpg 400w, https:\/\/www.deambulations-nomades.eu\/wp-content\/uploads\/2014\/11\/inde-sud-03-aout-metupalayam-enr-web-800-P1050367.jpg 800w\" sizes=\"auto, (max-width: 350px) 100vw, 350px\" \/><\/a><\/p>\n<p>&nbsp;<\/p>\n<p><a href=\"https:\/\/www.deambulations-nomades.eu\/wp-content\/uploads\/2014\/11\/inde-sud-03-aout-metupalayam-enr-web-800-P1050330.jpg\" data-rel=\"lightbox-image-4\" data-rl_title=\"\" data-rl_caption=\"\" title=\"\"><img loading=\"lazy\" decoding=\"async\" class=\"aligncenter wp-image-24565\" src=\"https:\/\/www.deambulations-nomades.eu\/wp-content\/uploads\/2014\/11\/inde-sud-03-aout-metupalayam-enr-web-800-P1050330-150x150.jpg\" alt=\"\" width=\"250\" height=\"160\" srcset=\"https:\/\/www.deambulations-nomades.eu\/wp-content\/uploads\/2014\/11\/inde-sud-03-aout-metupalayam-enr-web-800-P1050330-400x256.jpg 400w, https:\/\/www.deambulations-nomades.eu\/wp-content\/uploads\/2014\/11\/inde-sud-03-aout-metupalayam-enr-web-800-P1050330.jpg 800w\" sizes=\"auto, (max-width: 250px) 100vw, 250px\" \/><\/a> <a href=\"https:\/\/www.deambulations-nomades.eu\/wp-content\/uploads\/2014\/11\/inde-sud-03-aout-metupalayam-enr-web-800-P1050322.jpg\" data-rel=\"lightbox-image-5\" data-rl_title=\"\" data-rl_caption=\"\" title=\"\"><img loading=\"lazy\" decoding=\"async\" class=\"alignnone wp-image-23901\" src=\"https:\/\/www.deambulations-nomades.eu\/wp-content\/uploads\/2014\/11\/inde-sud-03-aout-metupalayam-enr-web-800-P1050322-150x150.jpg\" alt=\"\" width=\"200\" height=\"266\" srcset=\"https:\/\/www.deambulations-nomades.eu\/wp-content\/uploads\/2014\/11\/inde-sud-03-aout-metupalayam-enr-web-800-P1050322-400x532.jpg 400w, https:\/\/www.deambulations-nomades.eu\/wp-content\/uploads\/2014\/11\/inde-sud-03-aout-metupalayam-enr-web-800-P1050322.jpg 800w\" sizes=\"auto, (max-width: 200px) 100vw, 200px\" \/><\/a> \u00a0 \u00a0\u00a0 <a href=\"https:\/\/www.deambulations-nomades.eu\/wp-content\/uploads\/2014\/11\/inde-sud-03-aout-metupalayam-enr-web-800-P1050324.jpg\" data-rel=\"lightbox-image-6\" data-rl_title=\"\" data-rl_caption=\"\" title=\"\"><img loading=\"lazy\" decoding=\"async\" class=\"wp-image-23902 alignnone\" src=\"https:\/\/www.deambulations-nomades.eu\/wp-content\/uploads\/2014\/11\/inde-sud-03-aout-metupalayam-enr-web-800-P1050324-150x150.jpg\" alt=\"\" width=\"250\" height=\"222\" srcset=\"https:\/\/www.deambulations-nomades.eu\/wp-content\/uploads\/2014\/11\/inde-sud-03-aout-metupalayam-enr-web-800-P1050324-400x354.jpg 400w, https:\/\/www.deambulations-nomades.eu\/wp-content\/uploads\/2014\/11\/inde-sud-03-aout-metupalayam-enr-web-800-P1050324-550x0.jpg 550w, https:\/\/www.deambulations-nomades.eu\/wp-content\/uploads\/2014\/11\/inde-sud-03-aout-metupalayam-enr-web-800-P1050324.jpg 800w\" sizes=\"auto, (max-width: 250px) 100vw, 250px\" \/><\/a><\/p>\n<p>&nbsp;<\/p>\n<p>&nbsp;<\/p>\n<p>&nbsp;<\/p>\n<p>&nbsp;<\/p>\n<div id='gallery-1' class='gallery galleryid-22961 gallery-columns-4 gallery-size-thumbnail'><figure class='gallery-item'>\n\t\t\t<div class='gallery-icon landscape'>\n\t\t\t\t<a href='https:\/\/www.deambulations-nomades.eu\/wp-content\/uploads\/2014\/11\/inde-sud-03-aout-metupalayam-enr-web-800-P1050406.jpg' title=\"\" data-rl_title=\"\" class=\"rl-gallery-link\" data-rl_caption=\"\" data-rel=\"lightbox-gallery-1\"><img loading=\"lazy\" decoding=\"async\" width=\"150\" height=\"150\" src=\"https:\/\/www.deambulations-nomades.eu\/wp-content\/uploads\/2014\/11\/inde-sud-03-aout-metupalayam-enr-web-800-P1050406-150x150.jpg\" class=\"attachment-thumbnail size-thumbnail\" alt=\"\" \/><\/a>\n\t\t\t<\/div><\/figure><figure class='gallery-item'>\n\t\t\t<div class='gallery-icon landscape'>\n\t\t\t\t<a href='https:\/\/www.deambulations-nomades.eu\/wp-content\/uploads\/2014\/11\/inde-sud-03-aout-metupalayam-enr-web-800-P1050408.jpg' title=\"\" data-rl_title=\"\" class=\"rl-gallery-link\" data-rl_caption=\"\" data-rel=\"lightbox-gallery-1\"><img loading=\"lazy\" decoding=\"async\" width=\"150\" height=\"150\" src=\"https:\/\/www.deambulations-nomades.eu\/wp-content\/uploads\/2014\/11\/inde-sud-03-aout-metupalayam-enr-web-800-P1050408-150x150.jpg\" class=\"attachment-thumbnail size-thumbnail\" alt=\"\" \/><\/a>\n\t\t\t<\/div><\/figure><figure class='gallery-item'>\n\t\t\t<div class='gallery-icon landscape'>\n\t\t\t\t<a href='https:\/\/www.deambulations-nomades.eu\/wp-content\/uploads\/2014\/11\/inde-sud-03-aout-metupalayam-enr-web-800-P1050410.jpg' title=\"\" data-rl_title=\"\" class=\"rl-gallery-link\" data-rl_caption=\"\" data-rel=\"lightbox-gallery-1\"><img loading=\"lazy\" decoding=\"async\" width=\"150\" height=\"150\" src=\"https:\/\/www.deambulations-nomades.eu\/wp-content\/uploads\/2014\/11\/inde-sud-03-aout-metupalayam-enr-web-800-P1050410-150x150.jpg\" class=\"attachment-thumbnail size-thumbnail\" alt=\"\" \/><\/a>\n\t\t\t<\/div><\/figure><figure class='gallery-item'>\n\t\t\t<div class='gallery-icon landscape'>\n\t\t\t\t<a href='https:\/\/www.deambulations-nomades.eu\/wp-content\/uploads\/2014\/11\/inde-sud-03-aout-metupalayam-enr-web-800-P1050411.jpg' title=\"\" data-rl_title=\"\" class=\"rl-gallery-link\" data-rl_caption=\"\" data-rel=\"lightbox-gallery-1\"><img loading=\"lazy\" decoding=\"async\" width=\"150\" height=\"150\" src=\"https:\/\/www.deambulations-nomades.eu\/wp-content\/uploads\/2014\/11\/inde-sud-03-aout-metupalayam-enr-web-800-P1050411-150x150.jpg\" class=\"attachment-thumbnail size-thumbnail\" alt=\"\" \/><\/a>\n\t\t\t<\/div><\/figure><figure class='gallery-item'>\n\t\t\t<div class='gallery-icon landscape'>\n\t\t\t\t<a href='https:\/\/www.deambulations-nomades.eu\/wp-content\/uploads\/2014\/11\/inde-sud-03-aout-metupalayam-enr-web-800-P1050414.jpg' title=\"\" data-rl_title=\"\" class=\"rl-gallery-link\" data-rl_caption=\"\" data-rel=\"lightbox-gallery-1\"><img loading=\"lazy\" decoding=\"async\" width=\"150\" height=\"150\" src=\"https:\/\/www.deambulations-nomades.eu\/wp-content\/uploads\/2014\/11\/inde-sud-03-aout-metupalayam-enr-web-800-P1050414-150x150.jpg\" class=\"attachment-thumbnail size-thumbnail\" alt=\"\" \/><\/a>\n\t\t\t<\/div><\/figure><figure class='gallery-item'>\n\t\t\t<div class='gallery-icon landscape'>\n\t\t\t\t<a href='https:\/\/www.deambulations-nomades.eu\/wp-content\/uploads\/2014\/11\/inde-sud-03-aout-metupalayam-enr-web-800-P1050420.jpg' title=\"\" data-rl_title=\"\" class=\"rl-gallery-link\" data-rl_caption=\"\" data-rel=\"lightbox-gallery-1\"><img loading=\"lazy\" decoding=\"async\" width=\"150\" height=\"150\" src=\"https:\/\/www.deambulations-nomades.eu\/wp-content\/uploads\/2014\/11\/inde-sud-03-aout-metupalayam-enr-web-800-P1050420-150x150.jpg\" class=\"attachment-thumbnail size-thumbnail\" alt=\"\" \/><\/a>\n\t\t\t<\/div><\/figure><figure class='gallery-item'>\n\t\t\t<div class='gallery-icon landscape'>\n\t\t\t\t<a href='https:\/\/www.deambulations-nomades.eu\/wp-content\/uploads\/2014\/11\/inde-sud-03-aout-metupalayam-enr-web-800-P1050428.jpg' title=\"\" data-rl_title=\"\" class=\"rl-gallery-link\" data-rl_caption=\"\" data-rel=\"lightbox-gallery-1\"><img loading=\"lazy\" decoding=\"async\" width=\"150\" height=\"150\" src=\"https:\/\/www.deambulations-nomades.eu\/wp-content\/uploads\/2014\/11\/inde-sud-03-aout-metupalayam-enr-web-800-P1050428-150x150.jpg\" class=\"attachment-thumbnail size-thumbnail\" alt=\"\" \/><\/a>\n\t\t\t<\/div><\/figure>\n\t\t<\/div>\n\n<p>&nbsp;<\/p>\n<p>&nbsp;<\/td>\n<td style=\"width: 239.117px; text-align: left; vertical-align: top;\"><span style=\"font-size: 12px;\">L&rsquo;<b>Inde<\/b>, en forme longue la <b>R\u00e9publique de l&rsquo;Inde<\/b> (en hindi <span class=\"lang-hi\" lang=\"hi\">\u092d\u093e\u0930\u0924<\/span> (<i><span class=\"transcription lang-hi\" dir=\"ltr\" lang=\"hi-Latn\">Bh\u0101rat<\/span><\/i>) et <span class=\"lang-hi\" lang=\"hi\">\u092d\u093e\u0930\u0924 \u0917\u0923\u0930\u093e\u091c\u094d\u092f<\/span> (<i><span class=\"transcription lang-hi\" dir=\"ltr\" lang=\"hi-Latn\">Bh\u0101rat Ga\u1e47ar\u0101jya<\/span><\/i>), est un pays d&rsquo;Asie du Sud qui occupe la majeure partie du sous-continent indien.<\/span><\/p>\n<p>&nbsp;<\/p>\n<p><span style=\"font-size: 12px;\"> L&rsquo;Inde est le deuxi\u00e8me pays le plus peupl\u00e9 et le septi\u00e8me pays le plus grand du monde . Le littoral indien s&rsquo;\u00e9tend sur plus de sept mille kilom\u00e8tres. Le pays a des fronti\u00e8res communes avec le Pakistan \u00e0 l&rsquo;ouest, la Chine, le N\u00e9pal, et le Bhoutan au nord et au nord-est, le Bangladesh et la Birmanie \u00e0 l&rsquo;est. Sur l&rsquo;oc\u00e9an Indien, l&rsquo;Inde est \u00e0 proximit\u00e9 des Maldives au sud-ouest, du Sri Lanka et de l&rsquo;Indon\u00e9sie au sud-est. L&rsquo;Inde revendique \u00e9galement une fronti\u00e8re avec l&rsquo;Afghanistan au nord-ouest. <\/span><\/p>\n<p>&nbsp;<\/p>\n<p><span style=\"font-size: 12px;\">L&rsquo;Inde dispose de l&rsquo;arme nucl\u00e9aire depuis 1998 apr\u00e8s avoir fait des essais officiels.<\/span><\/p>\n<p>&nbsp;<\/p>\n<p><span style=\"font-size: 12px;\">L&rsquo;Inde est un foyer de civilisations parmi les plus anciens du monde, la civilisation de la vall\u00e9e de l&rsquo;Indus s&rsquo;y est d\u00e9velopp\u00e9e d\u00e8s 3000 av. J.C.. Le sous-continent indien a abrit\u00e9 de vastes empires et est pr\u00e9sent sur les routes commerciales d\u00e8s l&rsquo;Antiquit\u00e9. <\/span><\/p>\n<p>&nbsp;<\/p>\n<p><span style=\"font-size: 12px;\">L&rsquo;Inde est la terre de naissance de quatre religions majeures \u2013 l&rsquo;hindouisme, le ja\u00efnisme, le bouddhisme et le sikhisme \u2013 alors que le zoroastrisme, le christianisme et l&rsquo;islam s&rsquo;y sont implant\u00e9s durant le Ier mill\u00e9naire. Aujourd&rsquo;hui, l&rsquo;Inde est d&rsquo;ailleurs un pays tr\u00e8s diversifi\u00e9 sur le plan religieux tout comme sur le plan linguistique et culturel.<\/span><\/p>\n<p>&nbsp;<\/p>\n<p><span style=\"font-size: 12px;\">Le pays a \u00e9t\u00e9 graduellement annex\u00e9 par la Compagnie anglaise des Indes avant de passer sous le contr\u00f4le du Royaume-Uni au <abbr class=\"abbr\" title=\"19\u1d49 si\u00e8cle\"><span class=\"romain\">XIX<\/span><sup>e<\/sup><\/abbr> si\u00e8cle. L&rsquo;Inde devient ind\u00e9pendante en 1947 apr\u00e8s une lutte marqu\u00e9e par la r\u00e9sistance non-violente du Mahatma Gandhi. <\/span><\/p>\n<p>&nbsp;<\/p>\n<p><span style=\"font-size: 12px;\">Le pays est depuis 1950 une r\u00e9publique parlementaire f\u00e9d\u00e9rale consid\u00e9r\u00e9e comme la d\u00e9mocratie la plus peupl\u00e9e au monde.<\/span><\/p>\n<p>&nbsp;<\/p>\n<p><span style=\"font-size: 12px;\">En 2017, l&rsquo;\u00e9conomie indienne est la sixi\u00e8me du monde en PIB nominal et la troisi\u00e8me en PIB \u00e0 parit\u00e9 de pouvoir d&rsquo;achat. L&rsquo;Inde, pays \u00e0 forte croissance \u00e9conomique, est consid\u00e9r\u00e9 comme un nouveau pays industrialis\u00e9, cependant certains probl\u00e8mes comme la pauvret\u00e9, l&rsquo;analphab\u00e9tisme, la corruption restent tr\u00e8s importants.<\/span><\/td>\n<\/tr>\n<tr>\n<td style=\"width: 523.883px;\"><\/td>\n<td style=\"width: 239.117px;\"><\/td>\n<\/tr>\n<\/tbody>\n<\/table>\n<p>&nbsp;<\/p>\n<p><a href=\"#H\"><img loading=\"lazy\" decoding=\"async\" class=\"alignright wp-image-28888 size-full\" title=\"retour en haut de page\" src=\"http:\/\/www.deambulations-nomades.eu\/wp-content\/uploads\/2015\/02\/vers-le-haut-flech.jpg\" alt=\"retour en haut de page\" width=\"37\" height=\"55\" \/><\/a><\/p>\n","protected":false},"excerpt":{"rendered":"<p>VOIR page priv\u00e9e &nbsp; &nbsp; &nbsp; &nbsp; \u00a0 \u00a0\u00a0 &nbsp; &nbsp; &nbsp; &nbsp; &nbsp; &nbsp; L&rsquo;Inde, en forme longue la R\u00e9publique de l&rsquo;Inde (en hindi \u092d\u093e\u0930\u0924 (Bh\u0101rat) et \u092d\u093e\u0930\u0924 \u0917\u0923\u0930\u093e\u091c\u094d\u092f (Bh\u0101rat Ga\u1e47ar\u0101jya), est un pays d&rsquo;Asie du Sud qui occupe la majeure partie du sous-continent indien. &nbsp; L&rsquo;Inde est le deuxi\u00e8me pays le plus peupl\u00e9 &hellip; <a href=\"https:\/\/www.deambulations-nomades.eu\/?page_id=22961\" class=\"more-link\">Continuer la lecture de <span class=\"screen-reader-text\">Metupalayam<\/span>  <span class=\"meta-nav\">&rarr;<\/span><\/a><\/p>\n","protected":false},"author":2,"featured_media":0,"parent":54,"menu_order":13,"comment_status":"closed","ping_status":"open","template":"","meta":{"footnotes":""},"class_list":["post-22961","page","type-page","status-publish","hentry"],"_links":{"self":[{"href":"https:\/\/www.deambulations-nomades.eu\/index.php?rest_route=\/wp\/v2\/pages\/22961","targetHints":{"allow":["GET"]}}],"collection":[{"href":"https:\/\/www.deambulations-nomades.eu\/index.php?rest_route=\/wp\/v2\/pages"}],"about":[{"href":"https:\/\/www.deambulations-nomades.eu\/index.php?rest_route=\/wp\/v2\/types\/page"}],"author":[{"embeddable":true,"href":"https:\/\/www.deambulations-nomades.eu\/index.php?rest_route=\/wp\/v2\/users\/2"}],"replies":[{"embeddable":true,"href":"https:\/\/www.deambulations-nomades.eu\/index.php?rest_route=%2Fwp%2Fv2%2Fcomments&post=22961"}],"version-history":[{"count":18,"href":"https:\/\/www.deambulations-nomades.eu\/index.php?rest_route=\/wp\/v2\/pages\/22961\/revisions"}],"predecessor-version":[{"id":65354,"href":"https:\/\/www.deambulations-nomades.eu\/index.php?rest_route=\/wp\/v2\/pages\/22961\/revisions\/65354"}],"up":[{"embeddable":true,"href":"https:\/\/www.deambulations-nomades.eu\/index.php?rest_route=\/wp\/v2\/pages\/54"}],"wp:attachment":[{"href":"https:\/\/www.deambulations-nomades.eu\/index.php?rest_route=%2Fwp%2Fv2%2Fmedia&parent=22961"}],"curies":[{"name":"wp","href":"https:\/\/api.w.org\/{rel}","templated":true}]}}