{"id":3243,"date":"2013-06-09T09:38:14","date_gmt":"2013-06-09T09:38:14","guid":{"rendered":"http:\/\/www.deambulations-nomades.eu\/?page_id=3243"},"modified":"2017-11-27T07:10:27","modified_gmt":"2017-11-27T07:10:27","slug":"14-juillet-el-pueblo-de-buenos-aires","status":"publish","type":"page","link":"https:\/\/www.deambulations-nomades.eu\/?page_id=3243","title":{"rendered":"El pueblo de Buenos Aires"},"content":{"rendered":"<p style=\"text-align: right;\"><a href=\"http:\/\/www.deambulations-nomades.eu\/?page_id=3237\"><img loading=\"lazy\" decoding=\"async\" class=\" size-full wp-image-29433 alignleft\" src=\"http:\/\/www.deambulations-nomades.eu\/wp-content\/uploads\/2015\/02\/precedent-flech1.jpg\" alt=\"precedent-flech\" width=\"25\" height=\"21\" \/><\/a><a id=\"H\"><\/a> <span style=\"color: #c3a954; font-size: 12px;\"><a style=\"color: #c3a954;\" href=\"http:\/\/www.deambulations-nomades.eu\/?page_id=28498\" target=\"_blank\" rel=\"noopener\">VOIR page priv\u00e9e<\/a><\/span><a href=\"http:\/\/www.deambulations-nomades.eu\/?page_id=3256\"><strong> <img loading=\"lazy\" decoding=\"async\" class=\" size-full wp-image-29434 alignright\" src=\"http:\/\/www.deambulations-nomades.eu\/wp-content\/uploads\/2015\/02\/suivant-flech1.jpg\" alt=\"suivant-flech\" width=\"25\" height=\"21\" \/><\/strong><\/a><\/p>\n<p>&nbsp;<\/p>\n<p style=\"text-align: center;\"><img loading=\"lazy\" decoding=\"async\" class=\"aligncenter size-full wp-image-4544\" src=\"http:\/\/www.deambulations-nomades.eu\/wp-content\/uploads\/2013\/12\/amerique-sud-14-juillet-enr-web-800-P1260298_obl-e1401736699136.jpg\" alt=\"amerique-sud-14-juillet-enr-web-800-P1260298_obl\" width=\"600\" height=\"800\" \/><\/p>\n<figure id=\"attachment_4543\" aria-describedby=\"caption-attachment-4543\" style=\"width: 800px\" class=\"wp-caption aligncenter\"><img loading=\"lazy\" decoding=\"async\" class=\"size-full wp-image-4543\" src=\"http:\/\/www.deambulations-nomades.eu\/wp-content\/uploads\/2013\/12\/amerique-sud-14-juillet-enr-web-800-P1260296_obl.jpg\" alt=\"Dans les pas des m\u00e8res de mai qu'on nomme maintenant les grands-m\u00e8res de mai (Abuelas de Plaza de Mayo) ! Les m\u00e8res de mai\u00a0 se sont battues pendant 30 ans\u00a0 pour retrouver leurs enfants enlev\u00e9s par la dictature militaire (1976-1983). Plusieurs des fondatrices ont \u00e9t\u00e9 assassin\u00e9es en 1977, en compagnie des religieuses fran\u00e7aises par un commando dirig\u00e9 par le colonel Alfredo Astiz.\" width=\"800\" height=\"600\" srcset=\"https:\/\/www.deambulations-nomades.eu\/wp-content\/uploads\/2013\/12\/amerique-sud-14-juillet-enr-web-800-P1260296_obl.jpg 800w, https:\/\/www.deambulations-nomades.eu\/wp-content\/uploads\/2013\/12\/amerique-sud-14-juillet-enr-web-800-P1260296_obl-400x300.jpg 400w, https:\/\/www.deambulations-nomades.eu\/wp-content\/uploads\/2013\/12\/amerique-sud-14-juillet-enr-web-800-P1260296_obl-700x525.jpg 700w, https:\/\/www.deambulations-nomades.eu\/wp-content\/uploads\/2013\/12\/amerique-sud-14-juillet-enr-web-800-P1260296_obl-332x249.jpg 332w\" sizes=\"auto, (max-width: 800px) 100vw, 800px\" \/><figcaption id=\"caption-attachment-4543\" class=\"wp-caption-text\">Dans les pas des m\u00e8res de mai qu&rsquo;on nomme maintenant les grands-m\u00e8res de mai (<em>Abuelas de Plaza de Mayo<\/em>) ! Les m\u00e8res de mai\u00a0 se sont battues pendant 30 ans\u00a0 pour retrouver leurs enfants enlev\u00e9s par la <span class=\"mw-redirect\">dictature militaire (1976-1983)<\/span>. Plusieurs des fondatrices ont \u00e9t\u00e9 assassin\u00e9es en 1977, en compagnie des religieuses fran\u00e7aises par un commando dirig\u00e9 par le colonel Alfredo Astiz.<\/figcaption><\/figure>\n<p style=\"text-align: center;\"><img loading=\"lazy\" decoding=\"async\" class=\"aligncenter wp-image-4540\" src=\"http:\/\/www.deambulations-nomades.eu\/wp-content\/uploads\/2013\/12\/amerique-sud-14-juillet-enr-web-800-P1260269_obl.jpg\" alt=\"amerique-sud-14-juillet-enr-web-800-P1260269_obl\" width=\"600\" height=\"800\" srcset=\"https:\/\/www.deambulations-nomades.eu\/wp-content\/uploads\/2013\/12\/amerique-sud-14-juillet-enr-web-800-P1260269_obl.jpg 800w, https:\/\/www.deambulations-nomades.eu\/wp-content\/uploads\/2013\/12\/amerique-sud-14-juillet-enr-web-800-P1260269_obl-400x533.jpg 400w, https:\/\/www.deambulations-nomades.eu\/wp-content\/uploads\/2013\/12\/amerique-sud-14-juillet-enr-web-800-P1260269_obl-700x933.jpg 700w, https:\/\/www.deambulations-nomades.eu\/wp-content\/uploads\/2013\/12\/amerique-sud-14-juillet-enr-web-800-P1260269_obl-332x442.jpg 332w\" sizes=\"auto, (max-width: 600px) 100vw, 600px\" \/> <img loading=\"lazy\" decoding=\"async\" class=\"aligncenter wp-image-4541\" src=\"http:\/\/www.deambulations-nomades.eu\/wp-content\/uploads\/2013\/12\/amerique-sud-14-juillet-enr-web-800-P1260273_obl.jpg\" alt=\"amerique-sud-14-juillet-enr-web-800-P1260273_obl\" width=\"600\" height=\"800\" srcset=\"https:\/\/www.deambulations-nomades.eu\/wp-content\/uploads\/2013\/12\/amerique-sud-14-juillet-enr-web-800-P1260273_obl.jpg 800w, https:\/\/www.deambulations-nomades.eu\/wp-content\/uploads\/2013\/12\/amerique-sud-14-juillet-enr-web-800-P1260273_obl-400x533.jpg 400w, https:\/\/www.deambulations-nomades.eu\/wp-content\/uploads\/2013\/12\/amerique-sud-14-juillet-enr-web-800-P1260273_obl-700x933.jpg 700w, https:\/\/www.deambulations-nomades.eu\/wp-content\/uploads\/2013\/12\/amerique-sud-14-juillet-enr-web-800-P1260273_obl-332x442.jpg 332w\" sizes=\"auto, (max-width: 600px) 100vw, 600px\" \/><\/p>\n<figure id=\"attachment_4542\" aria-describedby=\"caption-attachment-4542\" style=\"width: 600px\" class=\"wp-caption aligncenter\"><img loading=\"lazy\" decoding=\"async\" class=\"wp-image-4542\" src=\"http:\/\/www.deambulations-nomades.eu\/wp-content\/uploads\/2013\/12\/amerique-sud-14-juillet-enr-web-800-P1260282_obl.jpg\" alt=\"L'int\u00e9rieur d'une \u00e9glise (?) bien gard\u00e9 ! \" width=\"600\" height=\"450\" srcset=\"https:\/\/www.deambulations-nomades.eu\/wp-content\/uploads\/2013\/12\/amerique-sud-14-juillet-enr-web-800-P1260282_obl.jpg 800w, https:\/\/www.deambulations-nomades.eu\/wp-content\/uploads\/2013\/12\/amerique-sud-14-juillet-enr-web-800-P1260282_obl-400x300.jpg 400w, https:\/\/www.deambulations-nomades.eu\/wp-content\/uploads\/2013\/12\/amerique-sud-14-juillet-enr-web-800-P1260282_obl-700x525.jpg 700w, https:\/\/www.deambulations-nomades.eu\/wp-content\/uploads\/2013\/12\/amerique-sud-14-juillet-enr-web-800-P1260282_obl-332x249.jpg 332w\" sizes=\"auto, (max-width: 600px) 100vw, 600px\" \/><figcaption id=\"caption-attachment-4542\" class=\"wp-caption-text\">L&rsquo;int\u00e9rieur d&rsquo;une \u00e9glise (?) bien gard\u00e9 !<\/figcaption><\/figure>\n<p style=\"text-align: center;\"><img loading=\"lazy\" decoding=\"async\" class=\"aligncenter wp-image-4547\" src=\"http:\/\/www.deambulations-nomades.eu\/wp-content\/uploads\/2013\/12\/amerique-sud-14-juillet-enr-web-800-P1260334_obl.jpg\" alt=\"amerique-sud-14-juillet-enr-web-800-P1260334_obl\" width=\"600\" height=\"450\" srcset=\"https:\/\/www.deambulations-nomades.eu\/wp-content\/uploads\/2013\/12\/amerique-sud-14-juillet-enr-web-800-P1260334_obl.jpg 800w, https:\/\/www.deambulations-nomades.eu\/wp-content\/uploads\/2013\/12\/amerique-sud-14-juillet-enr-web-800-P1260334_obl-400x300.jpg 400w, https:\/\/www.deambulations-nomades.eu\/wp-content\/uploads\/2013\/12\/amerique-sud-14-juillet-enr-web-800-P1260334_obl-700x525.jpg 700w, https:\/\/www.deambulations-nomades.eu\/wp-content\/uploads\/2013\/12\/amerique-sud-14-juillet-enr-web-800-P1260334_obl-332x249.jpg 332w\" sizes=\"auto, (max-width: 600px) 100vw, 600px\" \/><\/p>\n<p style=\"text-align: center;\">Le quartier de La Boca<\/p>\n<div id='gallery-1' class='gallery galleryid-3243 gallery-columns-6 gallery-size-thumbnail'><figure class='gallery-item'>\n\t\t\t<div class='gallery-icon landscape'>\n\t\t\t\t<a href='https:\/\/www.deambulations-nomades.eu\/wp-content\/uploads\/2013\/12\/amerique-sud-14-juillet-enr-web-800-P1260356_obl.jpg' title=\"\" data-rl_title=\"\" class=\"rl-gallery-link\" data-rl_caption=\"\" data-rel=\"lightbox-gallery-1\"><img loading=\"lazy\" decoding=\"async\" width=\"150\" height=\"150\" src=\"https:\/\/www.deambulations-nomades.eu\/wp-content\/uploads\/2013\/12\/amerique-sud-14-juillet-enr-web-800-P1260356_obl-150x150.jpg\" class=\"attachment-thumbnail size-thumbnail\" alt=\"\" aria-describedby=\"gallery-1-4549\" srcset=\"https:\/\/www.deambulations-nomades.eu\/wp-content\/uploads\/2013\/12\/amerique-sud-14-juillet-enr-web-800-P1260356_obl-150x150.jpg 150w, https:\/\/www.deambulations-nomades.eu\/wp-content\/uploads\/2013\/12\/amerique-sud-14-juillet-enr-web-800-P1260356_obl-432x432.jpg 432w, https:\/\/www.deambulations-nomades.eu\/wp-content\/uploads\/2013\/12\/amerique-sud-14-juillet-enr-web-800-P1260356_obl-268x268.jpg 268w\" sizes=\"auto, (max-width: 150px) 100vw, 150px\" \/><\/a>\n\t\t\t<\/div>\n\t\t\t\t<figcaption class='wp-caption-text gallery-caption' id='gallery-1-4549'>\n\t\t\t\tLe quartier de La Boca\n\t\t\t\t<\/figcaption><\/figure><figure class='gallery-item'>\n\t\t\t<div class='gallery-icon portrait'>\n\t\t\t\t<a href='https:\/\/www.deambulations-nomades.eu\/wp-content\/uploads\/2013\/12\/amerique-sud-14-juillet-enr-web-800-P1260421_obl.jpg' title=\"\" data-rl_title=\"\" class=\"rl-gallery-link\" data-rl_caption=\"\" data-rel=\"lightbox-gallery-1\"><img loading=\"lazy\" decoding=\"async\" width=\"150\" height=\"150\" src=\"https:\/\/www.deambulations-nomades.eu\/wp-content\/uploads\/2013\/12\/amerique-sud-14-juillet-enr-web-800-P1260421_obl-150x150.jpg\" class=\"attachment-thumbnail size-thumbnail\" alt=\"\" srcset=\"https:\/\/www.deambulations-nomades.eu\/wp-content\/uploads\/2013\/12\/amerique-sud-14-juillet-enr-web-800-P1260421_obl-150x150.jpg 150w, https:\/\/www.deambulations-nomades.eu\/wp-content\/uploads\/2013\/12\/amerique-sud-14-juillet-enr-web-800-P1260421_obl-432x432.jpg 432w, https:\/\/www.deambulations-nomades.eu\/wp-content\/uploads\/2013\/12\/amerique-sud-14-juillet-enr-web-800-P1260421_obl-268x268.jpg 268w\" sizes=\"auto, (max-width: 150px) 100vw, 150px\" \/><\/a>\n\t\t\t<\/div><\/figure><figure class='gallery-item'>\n\t\t\t<div class='gallery-icon portrait'>\n\t\t\t\t<a href='https:\/\/www.deambulations-nomades.eu\/wp-content\/uploads\/2013\/12\/amerique-sud-14-juillet-enr-web-800-P1260328_obl.jpg' title=\"\" data-rl_title=\"\" class=\"rl-gallery-link\" data-rl_caption=\"\" data-rel=\"lightbox-gallery-1\"><img loading=\"lazy\" decoding=\"async\" width=\"150\" height=\"150\" src=\"https:\/\/www.deambulations-nomades.eu\/wp-content\/uploads\/2013\/12\/amerique-sud-14-juillet-enr-web-800-P1260328_obl-150x150.jpg\" class=\"attachment-thumbnail size-thumbnail\" alt=\"\" srcset=\"https:\/\/www.deambulations-nomades.eu\/wp-content\/uploads\/2013\/12\/amerique-sud-14-juillet-enr-web-800-P1260328_obl-150x150.jpg 150w, https:\/\/www.deambulations-nomades.eu\/wp-content\/uploads\/2013\/12\/amerique-sud-14-juillet-enr-web-800-P1260328_obl-432x432.jpg 432w, https:\/\/www.deambulations-nomades.eu\/wp-content\/uploads\/2013\/12\/amerique-sud-14-juillet-enr-web-800-P1260328_obl-268x268.jpg 268w\" sizes=\"auto, (max-width: 150px) 100vw, 150px\" \/><\/a>\n\t\t\t<\/div><\/figure><figure class='gallery-item'>\n\t\t\t<div class='gallery-icon portrait'>\n\t\t\t\t<a href='https:\/\/www.deambulations-nomades.eu\/wp-content\/uploads\/2013\/12\/amerique-sud-14-juillet-enr-web-800-P1260375_obl.jpg' title=\"\" data-rl_title=\"\" class=\"rl-gallery-link\" data-rl_caption=\"\" data-rel=\"lightbox-gallery-1\"><img loading=\"lazy\" decoding=\"async\" width=\"150\" height=\"150\" src=\"https:\/\/www.deambulations-nomades.eu\/wp-content\/uploads\/2013\/12\/amerique-sud-14-juillet-enr-web-800-P1260375_obl-150x150.jpg\" class=\"attachment-thumbnail size-thumbnail\" alt=\"\" aria-describedby=\"gallery-1-4550\" srcset=\"https:\/\/www.deambulations-nomades.eu\/wp-content\/uploads\/2013\/12\/amerique-sud-14-juillet-enr-web-800-P1260375_obl-150x150.jpg 150w, https:\/\/www.deambulations-nomades.eu\/wp-content\/uploads\/2013\/12\/amerique-sud-14-juillet-enr-web-800-P1260375_obl-432x432.jpg 432w, https:\/\/www.deambulations-nomades.eu\/wp-content\/uploads\/2013\/12\/amerique-sud-14-juillet-enr-web-800-P1260375_obl-268x268.jpg 268w\" sizes=\"auto, (max-width: 150px) 100vw, 150px\" \/><\/a>\n\t\t\t<\/div>\n\t\t\t\t<figcaption class='wp-caption-text gallery-caption' id='gallery-1-4550'>\n\t\t\t\tUne parillada en pleine rue \n\t\t\t\t<\/figcaption><\/figure><figure class='gallery-item'>\n\t\t\t<div class='gallery-icon portrait'>\n\t\t\t\t<a href='https:\/\/www.deambulations-nomades.eu\/wp-content\/uploads\/2013\/12\/amerique-sud-14-juillet-enr-web-800-P1260330_obl.jpg' title=\"\" data-rl_title=\"\" class=\"rl-gallery-link\" data-rl_caption=\"\" data-rel=\"lightbox-gallery-1\"><img loading=\"lazy\" decoding=\"async\" width=\"150\" height=\"150\" src=\"https:\/\/www.deambulations-nomades.eu\/wp-content\/uploads\/2013\/12\/amerique-sud-14-juillet-enr-web-800-P1260330_obl-150x150.jpg\" class=\"attachment-thumbnail size-thumbnail\" alt=\"\" srcset=\"https:\/\/www.deambulations-nomades.eu\/wp-content\/uploads\/2013\/12\/amerique-sud-14-juillet-enr-web-800-P1260330_obl-150x150.jpg 150w, https:\/\/www.deambulations-nomades.eu\/wp-content\/uploads\/2013\/12\/amerique-sud-14-juillet-enr-web-800-P1260330_obl-432x432.jpg 432w, https:\/\/www.deambulations-nomades.eu\/wp-content\/uploads\/2013\/12\/amerique-sud-14-juillet-enr-web-800-P1260330_obl-268x268.jpg 268w\" sizes=\"auto, (max-width: 150px) 100vw, 150px\" \/><\/a>\n\t\t\t<\/div><\/figure><figure class='gallery-item'>\n\t\t\t<div class='gallery-icon landscape'>\n\t\t\t\t<a href='https:\/\/www.deambulations-nomades.eu\/wp-content\/uploads\/2013\/12\/amerique-sud-14-juillet-enr-web-800-P1260342_obl.jpg' title=\"\" data-rl_title=\"\" class=\"rl-gallery-link\" data-rl_caption=\"\" data-rel=\"lightbox-gallery-1\"><img loading=\"lazy\" decoding=\"async\" width=\"150\" height=\"150\" src=\"https:\/\/www.deambulations-nomades.eu\/wp-content\/uploads\/2013\/12\/amerique-sud-14-juillet-enr-web-800-P1260342_obl-150x150.jpg\" class=\"attachment-thumbnail size-thumbnail\" alt=\"\" srcset=\"https:\/\/www.deambulations-nomades.eu\/wp-content\/uploads\/2013\/12\/amerique-sud-14-juillet-enr-web-800-P1260342_obl-150x150.jpg 150w, https:\/\/www.deambulations-nomades.eu\/wp-content\/uploads\/2013\/12\/amerique-sud-14-juillet-enr-web-800-P1260342_obl-432x432.jpg 432w, https:\/\/www.deambulations-nomades.eu\/wp-content\/uploads\/2013\/12\/amerique-sud-14-juillet-enr-web-800-P1260342_obl-268x268.jpg 268w\" sizes=\"auto, (max-width: 150px) 100vw, 150px\" \/><\/a>\n\t\t\t<\/div><\/figure><figure class='gallery-item'>\n\t\t\t<div class='gallery-icon landscape'>\n\t\t\t\t<a href='https:\/\/www.deambulations-nomades.eu\/wp-content\/uploads\/2013\/12\/amerique-sud-14-juillet-enr-web-800-P1260385_obl.jpg' title=\"\" data-rl_title=\"\" class=\"rl-gallery-link\" data-rl_caption=\"\" data-rel=\"lightbox-gallery-1\"><img loading=\"lazy\" decoding=\"async\" width=\"150\" height=\"150\" src=\"https:\/\/www.deambulations-nomades.eu\/wp-content\/uploads\/2013\/12\/amerique-sud-14-juillet-enr-web-800-P1260385_obl-150x150.jpg\" class=\"attachment-thumbnail size-thumbnail\" alt=\"\" srcset=\"https:\/\/www.deambulations-nomades.eu\/wp-content\/uploads\/2013\/12\/amerique-sud-14-juillet-enr-web-800-P1260385_obl-150x150.jpg 150w, https:\/\/www.deambulations-nomades.eu\/wp-content\/uploads\/2013\/12\/amerique-sud-14-juillet-enr-web-800-P1260385_obl-432x432.jpg 432w, https:\/\/www.deambulations-nomades.eu\/wp-content\/uploads\/2013\/12\/amerique-sud-14-juillet-enr-web-800-P1260385_obl-268x268.jpg 268w\" sizes=\"auto, (max-width: 150px) 100vw, 150px\" \/><\/a>\n\t\t\t<\/div><\/figure><figure class='gallery-item'>\n\t\t\t<div class='gallery-icon landscape'>\n\t\t\t\t<a href='https:\/\/www.deambulations-nomades.eu\/wp-content\/uploads\/2013\/12\/amerique-sud-14-juillet-enr-web-800-P1260393_obl1.jpg' title=\"\" data-rl_title=\"\" class=\"rl-gallery-link\" data-rl_caption=\"\" data-rel=\"lightbox-gallery-1\"><img loading=\"lazy\" decoding=\"async\" width=\"150\" height=\"150\" src=\"https:\/\/www.deambulations-nomades.eu\/wp-content\/uploads\/2013\/12\/amerique-sud-14-juillet-enr-web-800-P1260393_obl1-150x150.jpg\" class=\"attachment-thumbnail size-thumbnail\" alt=\"\" srcset=\"https:\/\/www.deambulations-nomades.eu\/wp-content\/uploads\/2013\/12\/amerique-sud-14-juillet-enr-web-800-P1260393_obl1-150x150.jpg 150w, https:\/\/www.deambulations-nomades.eu\/wp-content\/uploads\/2013\/12\/amerique-sud-14-juillet-enr-web-800-P1260393_obl1-432x432.jpg 432w, https:\/\/www.deambulations-nomades.eu\/wp-content\/uploads\/2013\/12\/amerique-sud-14-juillet-enr-web-800-P1260393_obl1-268x268.jpg 268w\" sizes=\"auto, (max-width: 150px) 100vw, 150px\" \/><\/a>\n\t\t\t<\/div><\/figure><figure class='gallery-item'>\n\t\t\t<div class='gallery-icon portrait'>\n\t\t\t\t<a href='https:\/\/www.deambulations-nomades.eu\/wp-content\/uploads\/2013\/12\/amerique-sud-14-juillet-enr-web-800-P1260400_obl1.jpg' title=\"\" data-rl_title=\"\" class=\"rl-gallery-link\" data-rl_caption=\"\" data-rel=\"lightbox-gallery-1\"><img loading=\"lazy\" decoding=\"async\" width=\"150\" height=\"150\" src=\"https:\/\/www.deambulations-nomades.eu\/wp-content\/uploads\/2013\/12\/amerique-sud-14-juillet-enr-web-800-P1260400_obl1-150x150.jpg\" class=\"attachment-thumbnail size-thumbnail\" alt=\"\" aria-describedby=\"gallery-1-4554\" srcset=\"https:\/\/www.deambulations-nomades.eu\/wp-content\/uploads\/2013\/12\/amerique-sud-14-juillet-enr-web-800-P1260400_obl1-150x150.jpg 150w, https:\/\/www.deambulations-nomades.eu\/wp-content\/uploads\/2013\/12\/amerique-sud-14-juillet-enr-web-800-P1260400_obl1-432x432.jpg 432w, https:\/\/www.deambulations-nomades.eu\/wp-content\/uploads\/2013\/12\/amerique-sud-14-juillet-enr-web-800-P1260400_obl1-268x268.jpg 268w\" sizes=\"auto, (max-width: 150px) 100vw, 150px\" \/><\/a>\n\t\t\t<\/div>\n\t\t\t\t<figcaption class='wp-caption-text gallery-caption' id='gallery-1-4554'>\n\t\t\t\tLe long du port, le quartier populaire et original de la Boca, ses maisons color\u00e9es, son tango sur les trottoirs \n\t\t\t\t<\/figcaption><\/figure>\n\t\t<\/div>\n\n<p><img loading=\"lazy\" decoding=\"async\" class=\"aligncenter wp-image-28728\" src=\"http:\/\/www.deambulations-nomades.eu\/wp-content\/uploads\/2013\/06\/amerique-sud-14-juillet-enr-web-800-P1260263_obl.jpg\" alt=\"amerique-sud-14-juillet-enr-web-800-P1260263_obl\" width=\"600\" height=\"407\" srcset=\"https:\/\/www.deambulations-nomades.eu\/wp-content\/uploads\/2013\/06\/amerique-sud-14-juillet-enr-web-800-P1260263_obl.jpg 800w, https:\/\/www.deambulations-nomades.eu\/wp-content\/uploads\/2013\/06\/amerique-sud-14-juillet-enr-web-800-P1260263_obl-400x271.jpg 400w\" sizes=\"auto, (max-width: 600px) 100vw, 600px\" \/><\/p>\n<figure id=\"attachment_4556\" aria-describedby=\"caption-attachment-4556\" style=\"width: 600px\" class=\"wp-caption aligncenter\"><img loading=\"lazy\" decoding=\"async\" class=\"wp-image-4556\" src=\"http:\/\/www.deambulations-nomades.eu\/wp-content\/uploads\/2013\/12\/amerique-sud-14-juillet-enr-web-800-P1260435_obl.jpg\" alt=\"Le th\u00e9\u00e2tre (Op\u00e9ra) Colon sur l'Avenida 9 de julio - 1908 \" width=\"600\" height=\"450\" srcset=\"https:\/\/www.deambulations-nomades.eu\/wp-content\/uploads\/2013\/12\/amerique-sud-14-juillet-enr-web-800-P1260435_obl.jpg 800w, https:\/\/www.deambulations-nomades.eu\/wp-content\/uploads\/2013\/12\/amerique-sud-14-juillet-enr-web-800-P1260435_obl-400x300.jpg 400w, https:\/\/www.deambulations-nomades.eu\/wp-content\/uploads\/2013\/12\/amerique-sud-14-juillet-enr-web-800-P1260435_obl-700x525.jpg 700w, https:\/\/www.deambulations-nomades.eu\/wp-content\/uploads\/2013\/12\/amerique-sud-14-juillet-enr-web-800-P1260435_obl-332x249.jpg 332w\" sizes=\"auto, (max-width: 600px) 100vw, 600px\" \/><figcaption id=\"caption-attachment-4556\" class=\"wp-caption-text\">Le th\u00e9\u00e2tre (Op\u00e9ra) Colon sur l&rsquo;Avenida 9 de julio &#8211; 1908<\/figcaption><\/figure>\n<p style=\"text-align: center;\"><img loading=\"lazy\" decoding=\"async\" class=\"aligncenter wp-image-4539\" src=\"http:\/\/www.deambulations-nomades.eu\/wp-content\/uploads\/2013\/12\/amerique-sud-14-juillet-enr-web-800-P1260532_obl.jpg\" alt=\"amerique-sud-14-juillet-enr-web-800-P1260532_obl\" width=\"600\" height=\"450\" srcset=\"https:\/\/www.deambulations-nomades.eu\/wp-content\/uploads\/2013\/12\/amerique-sud-14-juillet-enr-web-800-P1260532_obl.jpg 800w, https:\/\/www.deambulations-nomades.eu\/wp-content\/uploads\/2013\/12\/amerique-sud-14-juillet-enr-web-800-P1260532_obl-400x300.jpg 400w, https:\/\/www.deambulations-nomades.eu\/wp-content\/uploads\/2013\/12\/amerique-sud-14-juillet-enr-web-800-P1260532_obl-700x525.jpg 700w, https:\/\/www.deambulations-nomades.eu\/wp-content\/uploads\/2013\/12\/amerique-sud-14-juillet-enr-web-800-P1260532_obl-332x249.jpg 332w\" sizes=\"auto, (max-width: 600px) 100vw, 600px\" \/><\/p>\n<figure id=\"attachment_4557\" aria-describedby=\"caption-attachment-4557\" style=\"width: 600px\" class=\"wp-caption aligncenter\"><img loading=\"lazy\" decoding=\"async\" class=\"wp-image-4557\" src=\"http:\/\/www.deambulations-nomades.eu\/wp-content\/uploads\/2013\/12\/amerique-sud-14-juillet-enr-web-800-P1260453_obl.jpg\" alt=\"A la tomb\u00e9e de la nuit, les port\u00e9nos aiment se retrouver dans l'une des plus belles librairies au monde : l'Ateneo \" width=\"600\" height=\"450\" srcset=\"https:\/\/www.deambulations-nomades.eu\/wp-content\/uploads\/2013\/12\/amerique-sud-14-juillet-enr-web-800-P1260453_obl.jpg 800w, https:\/\/www.deambulations-nomades.eu\/wp-content\/uploads\/2013\/12\/amerique-sud-14-juillet-enr-web-800-P1260453_obl-400x300.jpg 400w, https:\/\/www.deambulations-nomades.eu\/wp-content\/uploads\/2013\/12\/amerique-sud-14-juillet-enr-web-800-P1260453_obl-700x525.jpg 700w, https:\/\/www.deambulations-nomades.eu\/wp-content\/uploads\/2013\/12\/amerique-sud-14-juillet-enr-web-800-P1260453_obl-332x249.jpg 332w\" sizes=\"auto, (max-width: 600px) 100vw, 600px\" \/><figcaption id=\"caption-attachment-4557\" class=\"wp-caption-text\">A la tomb\u00e9e de la nuit, les port\u00e9nos aiment se retrouver dans l&rsquo;une des plus belles librairies au monde : l&rsquo;Ateneo<\/figcaption><\/figure>\n<p style=\"text-align: right;\">\u00a0<a title=\"retour en haut de page\" href=\"#H\"><img loading=\"lazy\" decoding=\"async\" class=\"size-full wp-image-28888 alignright\" src=\"http:\/\/www.deambulations-nomades.eu\/wp-content\/uploads\/2015\/02\/vers-le-haut-flech.jpg\" alt=\"vers-le-haut-flech\" width=\"37\" height=\"55\" \/><\/a><\/p>\n","protected":false},"excerpt":{"rendered":"<p>VOIR page priv\u00e9e &nbsp; Le quartier de La Boca \u00a0<\/p>\n","protected":false},"author":2,"featured_media":0,"parent":42,"menu_order":4,"comment_status":"closed","ping_status":"open","template":"page-templates\/full-width.php","meta":{"footnotes":""},"class_list":["post-3243","page","type-page","status-publish","hentry"],"_links":{"self":[{"href":"https:\/\/www.deambulations-nomades.eu\/index.php?rest_route=\/wp\/v2\/pages\/3243","targetHints":{"allow":["GET"]}}],"collection":[{"href":"https:\/\/www.deambulations-nomades.eu\/index.php?rest_route=\/wp\/v2\/pages"}],"about":[{"href":"https:\/\/www.deambulations-nomades.eu\/index.php?rest_route=\/wp\/v2\/types\/page"}],"author":[{"embeddable":true,"href":"https:\/\/www.deambulations-nomades.eu\/index.php?rest_route=\/wp\/v2\/users\/2"}],"replies":[{"embeddable":true,"href":"https:\/\/www.deambulations-nomades.eu\/index.php?rest_route=%2Fwp%2Fv2%2Fcomments&post=3243"}],"version-history":[{"count":35,"href":"https:\/\/www.deambulations-nomades.eu\/index.php?rest_route=\/wp\/v2\/pages\/3243\/revisions"}],"predecessor-version":[{"id":54830,"href":"https:\/\/www.deambulations-nomades.eu\/index.php?rest_route=\/wp\/v2\/pages\/3243\/revisions\/54830"}],"up":[{"embeddable":true,"href":"https:\/\/www.deambulations-nomades.eu\/index.php?rest_route=\/wp\/v2\/pages\/42"}],"wp:attachment":[{"href":"https:\/\/www.deambulations-nomades.eu\/index.php?rest_route=%2Fwp%2Fv2%2Fmedia&parent=3243"}],"curies":[{"name":"wp","href":"https:\/\/api.w.org\/{rel}","templated":true}]}}